a factor of 59910?
False
Is 101 a factor of 6096?
False
Does 11 divide 18024?
False
Is 18 a factor of 342?
True
Is 4095 a multiple of 117?
True
Is 1506 a multiple of 2?
True
Is 9 a factor of 11448?
True
Is 277 a multiple of 32?
False
Does 39 divide 41118?
False
Does 5 divide 8340?
True
Is 232 a multiple of 4?
True
Is 44 a multiple of 39?
False
Does 23 divide 7755?
False
Is 9 a factor of 1417?
False
Does 13 divide 1192?
False
Is 6172 a multiple of 54?
False
Does 25 divide 3892?
False
Is 5 a factor of 4071?
False
Is 16831 a multiple of 19?
False
Is 192 a multiple of 2?
True
Does 43 divide 1161?
True
Is 5 a factor of 15805?
True
Is 6 a factor of 2918?
False
Is 110 a factor of 48070?
True
Is 9 a factor of 15848?
False
Is 5534 a multiple of 8?
False
Is 575 a multiple of 11?
False
Is 3069 a multiple of 138?
False
Is 103774 a multiple of 16?
False
Is 54 a factor of 61205?
False
Is 119 a factor of 3949?
False
Is 34375 a multiple of 55?
True
Is 283 even?
False
Is 9 a factor of 738?
True
Is 13 a factor of 52?
True
Is 5 a factor of 22300?
True
Is 38295 a multiple of 37?
True
Is 12872 a multiple of 88?
False
Does 134 divide 5092?
True
Does 21 divide 630?
True
Is 6475 a multiple of 62?
False
Does 18 divide 2566?
False
Is 708 a multiple of 75?
False
Is 91590 a multiple of 355?
True
Is 177 a factor of 5213?
False
Is 3 a factor of 132?
True
Is 2256 a multiple of 8?
True
Does 122 divide 29036?
True
Is 62 a factor of 2518?
False
Is 23 a factor of 2077?
False
Is 83 a factor of 28469?
True
Does 32 divide 5536?
True
Is 9 a factor of 12807?
True
Is 54 a factor of 54?
True
Is 19 a factor of 22914?
True
Is 326 a multiple of 10?
False
Is 2574 a multiple of 78?
True
Does 90 divide 11070?
True
Is 41 a factor of 878?
False
Is 115 a factor of 19332?
False
Does 7 divide 742?
True
Is 315 a multiple of 15?
True
Is 240 a multiple of 60?
True
Is 4 a factor of 284?
True
Is 3876 a multiple of 102?
True
Does 17 divide 3969?
False
Is 21 a factor of 410?
False
Is 66 a factor of 66?
True
Is 754 a multiple of 13?
True
Is 3 a factor of 756?
True
Is 5 a factor of 8734?
False
Is 82 a factor of 8399?
False
Is 485 a factor of 73543?
False
Does 32 divide 3680?
True
Is 7 a factor of 7?
True
Is 9 a factor of 7609?
False
Is 53 a factor of 16431?
False
Is 64 a multiple of 6?
False
Does 212 divide 5936?
True
Is 278 a factor of 66442?
True
Does 9 divide 1683?
True
Is 41156 a multiple of 229?
False
Is 192 a multiple of 3?
True
Does 74 divide 51512?
False
Is 17 a factor of 170?
True
Is 15675 a multiple of 6?
False
Is 9 a factor of 51165?
True
Is 20143 a multiple of 342?
False
Is 11 a factor of 8427?
False
Does 10 divide 6480?
True
Is 17 a factor of 80?
False
Is 348 a multiple of 36?
False
Does 35 divide 1046?
False
Is 23 a factor of 1955?
True
Is 2805 a multiple of 15?
True
Is 34 a factor of 4088?
False
Is 51 a factor of 73?
False
Does 42 divide 2397?
False
Is 97524 a multiple of 378?
True
Is 171 even?
False
Is 6824 a multiple of 35?
False
Is 798 a multiple of 21?
True
Does 2 divide 62?
True
Does 5 divide 155?
True
Is 94 a factor of 16356?
True
Is 287 a multiple of 41?
True
Is 132 a multiple of 11?
True
Is 82531 a multiple of 60?
False
Is 3 a factor of 16089?
True
Is 39 a factor of 390?
True
Is 23394 a multiple of 21?
True
Is 860 a multiple of 12?
False
Is 17 a factor of 2533?
True
Is 1147 a multiple of 9?
False
Is 16 a factor of 4704?
True
Is 1827 a multiple of 7?
True
Is 42 a factor of 2888?
False
Is 40308 a multiple of 147?
False
Is 116 a factor of 19358?
False
Is 33 a factor of 31119?
True
Is 3 a factor of 3021?
True
Is 13944 a multiple of 168?
True
Is 11 a factor of 1628?
True
Is 18720 a multiple of 117?
True
Is 4 a factor of 12219?
False
Does 12 divide 1308?
True
Is 2468 a multiple of 6?
False
Does 9 divide 2214?
True
Is 27384 a multiple of 168?
True
Is 10469 a multiple of 41?
False
Is 24 a factor of 2160?
True
Is 5750 a multiple of 25?
True
Does 9 divide 2322?
True
Is 32 a factor of 45632?
True
Is 55 a multiple of 2?
False
Is 631 a multiple of 40?
False
Is 73255 a multiple of 23?
True
Is 13 a factor of 1337?
False
Is 69 a factor of 12433?
False
Is 10812 a multiple of 53?
True
Does 64 divide 317?
False
Is 1606 a multiple of 22?
True
Is 219 a multiple of 16?
False
Is 3031 a multiple of 7?
True
Is 77 a factor of 75152?
True
Is 897 even?
False
Does 4 divide 588?
True
Is 45 a factor of 2287?
False
Is 5384 a multiple of 127?
False
Is 740 a multiple of 40?
False
Is 22440 a multiple of 30?
True
Does 22 divide 594?
True
Is 2726 a multiple of 8?
False
Is 1591 a multiple of 37?
True
Is 9 a factor of 5499?
True
Is 283 a factor of 4759?
False
Is 7 a factor of 602?
True
Is 132 a factor of 637?
False
Is 260 a multiple of 25?
False
Is 11 a factor of 2825?
False
Does 32 divide 1548?
False
Does 3 divide 4860?
True
Is 21 a factor of 225?
False
Is 11 a factor of 572?
True
Does 5 divide 9531?
False
Is 19458 a multiple of 94?
True
Is 2541 a multiple of 7?
True
Is 9661 a multiple of 51?
False
Is 3328 a multiple of 8?
True
Does 9 divide 764?
False
Is 2 a factor of 85?
False
Is 55 a factor of 61765?
True
Is 16 a factor of 10212?
False
Is 5064 a multiple of 22?
False
Is 34 a factor of 272?
True
Is 17883 a multiple of 9?
True
Is 30 a factor of 26320?
False
Is 250 a multiple of 79?
False
Is 234 a multiple of 13?
True
Is 198 a factor of 13068?
True
Does 2 divide 8124?
True
Is 414 a multiple of 91?
False
Is 14 a factor of 3119?
False
Is 139 a factor of 10900?
False
Is 38 a factor of 3040?
True
Is 3 a factor of 537?
True
Is 33 a factor of 330?
True
Is 6 a factor of 5631?
False
Is 352 a multiple of 10?
False
Is 14 a factor of 3710?
True
Is 24 a factor of 14448?
True
Does 39 divide 13650?
True
Is 720 a multiple of 72?
True
Does 17 divide 357?
True
Does 16 divide 18288?
True
Is 14788 a multiple of 5?
False
Is 13 a factor of 24765?
True
Is 66 a factor of 1792?
False
Is 1954 a multiple of 3?
False
Is 31 a factor of 203?
False
Does 44 divide 76340?
True
Is 16 a factor of 10304?
True
Is 131 a multiple of 28?
False
Is 7690 a multiple of 87?
False
Is 73 a factor of 7371?
False
Does 77 divide 1561?
False
Is 132 a multiple of 6?
True
Does 5 divide 1116?
False
Is 41875 a multiple of 125?
True
Does 34 divide 2832?
False
Is 13 a factor of 871?
True
Does 10 divide 1600?
True
Does 22 divide 3596?
False
Is 127 a factor of 14097?
True
Is 904 a multiple of 5?
False
Is 1311 a multiple of 115?
False
Is 7676 a multiple of 13?
False
Is 28369 a multiple of 4?
False
Is 9707 a multiple of 26?
False
Does 38 divide 2850?
True
Does 23 divide 135493?
True
Does 19 divide 6631?
True
Does 23 divide 296?
False
Does 7 divide 1008?
True
Is 3 a factor of 1125?
True
Does 4 divide 268?
True
Is 12 a factor of 648?
True
Is 745 a multiple of 18?
False
Is 14 a factor of 445?
False
Is 1098 a multiple of 122?
True
Does 5 divide 8952?
False
Is 7 a factor of 637?
True
Does 3 divide 1596?
True
Does 91 divide 9555?
True
Does 50 divide 17232?
False
Is 5996 a multiple of 2?
True
Does 13 divide 29886?
False
Does 16 divide 3824?
True
Does 7 divide 194?
False
Is 133 a factor of 39353?
False
Is 707 a multiple of 18?
False
Is 3162 a multiple of 18?
False
Is 3971 a multiple of 50?
False
Is 266 a multiple of 19?
True
Is 17 a factor of 2346?
True
Is 22330 a multiple of 11?
True
Does 110 divide 9790?
True
Does 35 divide 18165?
True
Is 87 a factor of 945?
False
Is 7 a factor of 28441?
True
Does 59 divide 12907?
False
Is 28 a factor of 834?
False
Does 4 divide 817?
False
Is 7 a factor of 1435?
True
Is 1944 a multiple of 18?
True
Is 21 a factor of 23289?
True
Does 27 divide 44253?
True
Does 13 divide 9080?
False
Does 10 divide 50?
True
Is 26075 a multiple of 16?
False
Is 9 a factor of 38236?
False
Does 63 divide 671?
False
Is 2394 a multiple of 8?
False
Is 133 a multiple of 4?
False
Does 19 divide 38?
True
Does 9 divide 4233?
False
Is 5754 a multiple of 6?
True
Is 24 a factor of 9280?
False
Is 28 a factor of 12768?
True
Is 226 a multiple of 98?
False
Is 12104 a multiple of 136?
True
Is 2 a factor of 1815?
False
Is 111 a factor of 1554?
True
Is 4752 a multiple of 48?
True
Does 79 divide 22063?
False
Is 16 a factor of 449?
False
Is 8 a factor of 242?
False
Is 24 a factor of 505?
False
Does 64 divide 351?
False
Is 348 a multiple of 29?
True
Is 19582 a multiple of 9?
False
Is 47856